 - 15. Calculate g(-7).
-141
Let u(d) = -25*d + 35. Determine u(-2).
85
Let z(y) = -2051*y + 16376. Give z(8).
-32
Let u(y) = 4*y + 208. Determine u(-21).
124
Let y(j) = 111*j - 734. Give y(6).
-68
Let b(h) = h**2 - 30*h - 596. Give b(46).
140
Let u(i) = -i**3 - 8*i**2 - 48*i - 210. Determine u(-6).
6
Let w(r) = 68*r + 867. What is w(-13)?
-17
Let l(y) = -80*y**3 + y**2 - 22*y - 24. What is l(-1)?
79
Let t(w) = -3*w**2 - 307*w - 80. Determine t(-102).
22
Let b(r) = -182*r - 3816. Calculate b(-21).
6
Let w(s) = 1042*s - 29215. Determine w(28).
-39
Let k(d) = -d**3 + 86*d**2 + 270*d - 274. What is k(89)?
-7
Let n(d) = d**3 + 3*d**2 + 38*d + 146. Give n(-4).
-22
Let n(a) = -a**2 + 20*a + 515. Determine n(-15).
-10
Let g(p) = 2*p**2 - 155*p - 9063. Give g(-39).
24
Let a(w) = w**3 - 9*w**2 - 56*w + 55. What is a(13)?
3
Let k(p) = 418*p**2 - 38*p - 38. Calculate k(-1).
418
Let q(h) = -h**2 + 90*h - 1832. Determine q(59).
-3
Let i(p) = -p**3 + 50*p**2 - 11*p + 555. Give i(50).
5
Let x(h) = -488*h + 1100. Give x(4).
-852
Let s(m) = 35*m**2 - 881*m + 156. Determine s(25).
6
Let d(t) = -360*t + 4302. Calculate d(12).
-18
Let t(g) = -124*g - 1382. Calculate t(-11).
-18
Let w(d) = -204*d - 15902. Give w(-78).
10
Let s(n) = 100*n + 3793. Determine s(-38).
-7
Let n(f) = 4*f**2 - 27*f + 173. Calculate n(11).
360
Let n(p) = 61*p - 931. Determine n(16).
45
Let x(y) = -y**3 + 32*y**2 + 177*y + 290. Calculate x(37).
-6
Let c(t) = -368*t - 54844. Give c(-149).
-12
Let c(x) = x**2 + 83*x - 2013. Calculate c(18).
-195
Let i(a) = 7*a**2 - 43*a - 114. What is i(-3)?
78
Let k(h) = -82*h**2 - 4*h - 5. Determine k(-1).
-83
Let n(q) = -2*q**3 + 332*q**2 - 326*q - 669. What is n(165)?
-9
Let t(o) = -4*o**2 - 6*o + 192. What is t(-10)?
-148
Let p(o) = 2*o**3 - 134*o**2 - 22*o + 1468. Give p(67).
-6
Let k(r) = r**3 + 16*r**2 + 13*r + 14. Calculate k(-14).
224
Let o(f) = -f**3 - 7*f**2 - 5*f - 41. Calculate o(-7).
-6
Let g(n) = -n**3 - 9*n**2 + 19*n + 116. What is g(-7)?
-115
Let d(l) = l**3 - l**2 - 63*l + 14. Give d(-8).
-58
Let s(o) = 8*o**2 + 305*o - 41. What is s(-39)?
232
Let q(g) = g**3 + 102*g**2 + 212*g + 21613. Calculate q(-102).
-11
Let s(r) = 1026*r + 11267. Give s(-11).
-19
Let u(a) = 174*a - 31. What is u(0)?
-31
Let d(q) = 17*q**2 + 7*q - 94. Give d(4).
206
Let c(n) = 2*n**2 - 476*n + 19081. What is c(51)?
7
Let r(u) = 9*u - 167. Give r(18).
-5
Let v(a) = -2*a**3 + 17*a**2 + 29*a - 278. Give v(7).
72
Let c(n) = -13*n**2 + 135*n - 130. Calculate c(1).
-8
Let v(t) = t**2 - 24*t + 82. Give v(14).
-58
Let w(b) = 49*b + 1004. Determine w(-20).
24
Let b(o) = 2*o**2 + 17*o + 32. What is b(-11)?
87
Let o(j) = j**2 - 53*j - 2384. What is o(-29)?
-6
Let t(w) = -w**3 - 20*w**2 + 17*w - 15. What is t(-21)?
69
Let r(u) = -20*u**3 + u**2 + 5*u - 6. What is r(1)?
-20
Let z(i) = -i**3 + 29*i**2 - 26*i - 47. Give z(28).
9
Let x(s) = -45*s - 148. Give x(-4).
32
Let f(m) = 5*m + 252. What is f(-17)?
167
Let a(q) = -q**3 - 84*q**2 - 1509*q + 1. Calculate a(-26).
27
Let b(w) = 2*w**2 + 111*w + 490. Determine b(-48).
-230
Let h(l) = 18*l - 564. Give h(52).
372
Let z(u) = -52*u + 385. What is z(7)?
21
Let u(a) = -a**3 + 7*a**2 + 10*a + 3. Determine u(9).
-69
Let o(m) = m**3 + 36*m**2 - 29*m + 19. Determine o(-37).
-277
Let x(p) = 32*p - 854. Calculate x(26).
-22
Let s(c) = 3*c**3 - 18*c**2 - 126*c + 53. What is s(10)?
-7
Let c(o) = o**3 + 20*o**2 - 79*o + 386. Determine c(-24).
-22
Let t(q) = 6*q**2 - 127*q + 397. Give t(17).
-28
Let b(o) = 23*o**2 + 1702*o - 1. What is b(-74)?
-1
Let c(m) = 8*m**3 - 274*m**2 + 67*m - 12. What is c(34)?
-46
Let f(p) = -700*p - 1397. Calculate f(-2).
3
Let q(a) = 280*a - 1393. What is q(5)?
7
Let h(g) = 193*g + 882. Give h(-6).
-276
Let l(u) = 3*u**2 - 66*u + 285. Give l(26).
597
Let z(d) = -5*d**2 + 200*d + 35. Give z(40).
35
Let b(r) = -r**3 + 39*r**2 + 136*r - 435. Calculate b(42).
-15
Let o(b) = 15718*b - 392954. Give o(25).
-4
Let k(y) = -y + 97. Give k(-21).
118
Let q(g) = -9*g + 75. What is q(-8)?
147
Let v(f) = f**3 + 6*f**2 - 6*f - 44. Give v(-4).
12
Let c(m) = m**3 - 14*m**2 + 65*m - 16. Give c(5).
84
Let t(g) = -g**3 - 29*g**2 - 17*g + 69. What is t(-28)?
-239
Let i(k) = -k**3 + 27*k - 26. Give i(-6).
28
Let n(h) = h**3 + 40*h**2 - 130*h - 63. What is n(-43)?
-20
Let z(w) = -w**3 + 6*w**2 + 568*w - 4429. Give z(8).
-13
Let l(u) = -26*u + 26. Determine l(-2).
78
Let g(a) = a**3 + 5*a**2 - 11*a - 29. Calculate g(-6).
1
Let w(m) = -m**2 - 12*m + 68. Calculate w(-15).
23
Let u(o) = -o**3 + 92*o**2 - 268*o + 98. Calculate u(89).
9
Let v(j) = 5*j**2 + 38*j + 19. Calculate v(-4).
-53
Let h(v) = -2*v**3 - 21*v**2 + 2*v + 126. Calculate h(-10).
6
Let c(m) = m**3 + m**2 - 87*m - 23. Determine c(-10).
-53
Let r(p) = -p**2 - 30*p - 201. What is r(-10)?
-1
Let z(v) = -47*v + 1799. Calculate z(38).
13
Let i(b) = -95*b + 1465. Give i(24).
-815
Let d(w) = 283*w + 484. Calculate d(-3).
-365
Let n(o) = -1353*o + 25713. Calculate n(19).
6
Let j(f) = -2*f**3 + 20*f**2 + 57*f - 669. Calculate j(9).
6
Let c(y) = 184*y + 1196. Give c(-7).
-92
Let h(f) = 2*f**2 - 471*f - 2853. Calculate h(-6).
45
Let a(r) = r**2 + 17*r + 63. Calculate a(-19).
101
Let n(l) = -l**2 - 226*l - 11868. Give n(-143).
1
Let n(x) = -8*x**2 + 2580*x + 17104. Calculate n(329).
-4
Let g(d) = 25*d**2 + 85*d - 174. Determine g(2).
96
Let l(q) = 64*q**3 - 41*q + 43. Determine l(1).
66
Let t(k) = 11*k - 114. What is t(10)?
-4
Let v(k) = 398*k - 2503. Determine v(6).
-115
Let x(u) = -5897*u + 5909. Calculate x(1).
12
Let r(c) = -c**3 - 87*c**2 - 1074*c + 98. Give r(-15).
8
Let s(m) = m**2 + 568*m - 10540. Give s(18).
8
Let l(r) = 31*r + 117. Give l(-6).
-69
Let s(j) = 15*j**2 - 1303*j - 183. Calculate s(87).
-9
Let t(d) = 2*d**3 + 6*d**2 - 109*d + 7. Give t(6).
1
Let o(z) = -30*z**3 - 445*z**2 + 74*z - 19. What is o(-15)?
-4
Let a(m) = -7618*m + 60939. Calculate a(8).
-5
Let z(t) = 162*t + 16. Calculate z(-3).
-470
Let v(k) = -175*k + 1750. Determine v(10).
0
Let h(v) = -3*v**3 + 4*v**2 + 13*v + 8. Determine h(-2).
22
Let k(d) = -9*d - 15. What is k(-7)?
48
Let r(j) = -j**3 + 43*j**2 - 5*j + 103. Determine r(43).
-112
Let s(t) = -t**3 - 4*t**2 + 31*t + 36. Calculate s(-7).
-34
Let k(x) = 557*x - 2220. Determine k(4).
8
Let r(q) = -q**3 + 28*q**2 + 32*q + 30. Determine r(29).
117
Let v(j) = -j**3 + 38*j**2 - 40*j + 79. Give v(37).
-32
Let y(l) = -l**3 - 10*l**2 + 8*l - 37. Give y(-11).
-4
Let d(z) = -z**3 - 12*z**2 - 61*z - 204. What is d(-7)?
-22
Let j(x) = 105*x + 47. Calculate j(0).
47
Let s(h) = 2*h**3 + 105*h**2 + 28*h - 1268. Determine s(-52).
-20
Let q(l) = l**2 - 140*l + 2729. Determine q(23).
38
Let w(k) = -7*k**2 + 15*k + 13. Give w(3).
-5
Let u(o) = -o**3 + 9*o**2 - 12*o - 16. Calculate u(9).
-124
Let d(m) = -m**3 + 13*m**2 + 13*m + 103. What is d(15)?
-152
Let s(x) = -3*x**3 + 43*x**2 - 20*x + 11. Calculate s(14).
-73
Let a(y) = -11*y**2 - 2*y - 8. What is a(2)?
-56
Let v(w) = 2*w**2 - 8*w - 46. Give v(13).
188
Let f(j) = -821*j + 5701. Calculate f(7).
-46
Let l(s) = 34*s - 38. Give l(13).
404
Let i(r) = 1126*r + 304024. What is i(-270)?
4
Let v(o) = o**3 + 13*o**2 + 2*o - 16. Give v(-6).
224
Let r(b) = 436*b + 3479. Give r(-8).
-9
Let u(q) = -q**3 + 13*q**2 - 74*q + 723. Give u(12).
-21
Let m(c) = 6*c - 69. What is m(-3)?
-87
Let t(z) = -z**2 - 80*z + 2221. Calculate t(-99).
340
Let j(c) = 4*c**2 + 3864*c - 11617. Determine j(3).
11
Let s(x) = 2*x**2 - 30*x + 54. Give s(11).
-34
Let c(z) = -z**2 + 99*z - 2442. Give c(50).
8
Let y(h) = h**3 - 7*h**2 - 48*h + 32. Calculate y(11).
-12
Let f(i) = 41*i - 131. Give f(3).
-8
Let r(v) = 2*v**3 + 8*v**2 - 8*v - 3. What is r(-5)?
-13
Let n(l) = 4*l**3 + 80*l**2 + 79*l + 45. What is n(-19)?
-12
Let a(u) = 6*u**2 + 375*u - 2. Give a(0).
-2
Let v(r) = -r**3 - 6*r**2 - 54*r - 300. Calculate v(-5).
-55
Let m(d) = d**3 - 93*d**2 + 2048*d + 153. Calculate m(36).
9
Let t(b) = 262*b + 2846. Calculate t(-11).
-36
Let n(m) = -m**3 - 29*m**2 - 136*m + 18. What is n(-23)?
-28
Let t(j) = 2*j**3 + j**2 - 23*j + 4. What is t(0)?
4
Let j(n) = -2*n**2 + 164*n + 84. What is j(84)?
-252
Let i(a) = a**3 - 11*a**2 + 6*a - 9. Calculate i(10).
-49
Let h(b) = -300*b + 1503. Give h(5).
3
Let w(g) = -13*g**2 + 3218*g + 1475. Give w(248).
-13
Let u(q) = q**3 - 3*q**2